{"id":64,"date":"2020-09-17T22:43:58","date_gmt":"2020-09-17T20:43:58","guid":{"rendered":"http:\/\/sudristorante.it\/?page_id=64"},"modified":"2025-11-19T23:37:34","modified_gmt":"2025-11-19T22:37:34","slug":"vini","status":"publish","type":"page","link":"https:\/\/sudristorante.it\/eng\/vini\/","title":{"rendered":"Wines"},"content":{"rendered":"<p>[et_pb_section fb_built=&#8221;1&#8243; fullwidth=&#8221;on&#8221; _builder_version=&#8221;4.10.7&#8243; module_alignment=&#8221;left&#8221; min_height_last_edited=&#8221;off|phone&#8221; height_tablet=&#8221;&#8221; height_phone=&#8221;auto&#8221; height_last_edited=&#8221;on|phone&#8221; max_height_last_edited=&#8221;off|tablet&#8221; global_module=&#8221;655&#8243; global_colors_info=&#8221;{}&#8221;][et_pb_fullwidth_menu menu_id=&#8221;2&#8243; logo=&#8221;http:\/\/sudristorante.it\/wp-content\/uploads\/2020\/09\/Sud-Logo-Grey-150b.png&#8221; logo_url=&#8221;https:\/\/sudristorante.it&#8221; show_cart_icon=&#8221;on&#8221; cart_icon_color=&#8221;#808080&#8243; menu_icon_color=&#8221;#808080&#8243; cart_icon_font_size=&#8221;15px&#8221; _builder_version=&#8221;4.16&#8243; menu_font=&#8221;Mulish||||||||&#8221; menu_font_size=&#8221;13px&#8221; menu_line_height=&#8221;0em&#8221; global_colors_info=&#8221;{}&#8221;][\/et_pb_fullwidth_menu][\/et_pb_section][et_pb_section fb_built=&#8221;1&#8243; admin_label=&#8221;Header&#8221; _builder_version=&#8221;4.16&#8243; background_color=&#8221;#ffffff&#8221; custom_margin=&#8221;||6px|||&#8221; custom_padding=&#8221;50px||0px||false|false&#8221; locked=&#8221;off&#8221; global_colors_info=&#8221;{}&#8221;][et_pb_row column_structure=&#8221;3_5,2_5&#8243; _builder_version=&#8221;4.16&#8243; custom_margin=&#8221;|auto|25px|auto||&#8221; custom_padding=&#8221;0px||19px|||&#8221; global_colors_info=&#8221;{}&#8221;][et_pb_column type=&#8221;3_5&#8243; _builder_version=&#8221;4.16&#8243; custom_padding=&#8221;|48px||48px|false|true&#8221; custom_padding_tablet=&#8221;|30px||30px|false|true&#8221; custom_padding_phone=&#8221;|20px||20px|false|true&#8221; custom_padding_last_edited=&#8221;on|phone&#8221; border_color_all=&#8221;#ffffff&#8221; border_style_all=&#8221;none&#8221; border_width_all_tablet=&#8221;8px&#8221; border_width_all_phone=&#8221;4px&#8221; border_width_all_last_edited=&#8221;on|phone&#8221; global_colors_info=&#8221;{}&#8221;][et_pb_image src=&#8221;http:\/\/sudristorante.it\/wp-content\/uploads\/2020\/09\/Pino-Sud-2.png&#8221; title_text=&#8221;Pino Sud&#8221; _builder_version=&#8221;4.16&#8243; custom_margin=&#8221;-44px||-44px||true|false&#8221; custom_margin_tablet=&#8221;-40px||-40px||true|false&#8221; custom_margin_phone=&#8221;-23px||-23px||true|false&#8221; custom_margin_last_edited=&#8221;on|desktop&#8221; custom_padding=&#8221;11px|||||&#8221; locked=&#8221;off&#8221; global_colors_info=&#8221;{}&#8221;][\/et_pb_image][\/et_pb_column][et_pb_column type=&#8221;2_5&#8243; _builder_version=&#8221;4.16&#8243; custom_padding=&#8221;60px||60px||true|false&#8221; custom_padding_tablet=&#8221;40px||40px||true|false&#8221; custom_padding_phone=&#8221;&#8221; custom_padding_last_edited=&#8221;on|phone&#8221; global_colors_info=&#8221;{}&#8221;][et_pb_text _builder_version=&#8221;4.16&#8243; text_font=&#8221;Mulish||||||||&#8221; header_2_font=&#8221;Mulish|||on|||||&#8221; header_2_text_color=&#8221;#000000&#8243; header_2_font_size=&#8221;40px&#8221; header_2_line_height=&#8221;1.4em&#8221; custom_margin=&#8221;||-29px|||&#8221; custom_padding=&#8221;|3px|28px|||&#8221; header_2_font_size_tablet=&#8221;30px&#8221; header_2_font_size_phone=&#8221;26px&#8221; header_2_font_size_last_edited=&#8221;on|phone&#8221; locked=&#8221;off&#8221; inline_fonts=&#8221;Muli&#8221; global_colors_info=&#8221;{}&#8221;]<\/p>\n<h2>VINI<\/h2>\n<p>[\/et_pb_text][et_pb_text _builder_version=&#8221;4.16&#8243; text_font=&#8221;Mulish||||||||&#8221; text_font_size=&#8221;16px&#8221; text_line_height=&#8221;2em&#8221; custom_margin=&#8221;9px|||||&#8221; custom_padding=&#8221;||0px|||&#8221; text_font_size_tablet=&#8221;14px&#8221; text_font_size_phone=&#8221;&#8221; text_font_size_last_edited=&#8221;on|phone&#8221; locked=&#8221;off&#8221; inline_fonts=&#8221;Muli&#8221; global_colors_info=&#8221;{}&#8221;]Crediamo nel vino, crediamo nella sua potenza comunicativa come espressione della terra che lo produce. Crediamo in un\u2019agricoltura rispettosa dell\u2019ambiente, e crediamo anche nei piccoli numeri. Proponiamo le nostre scoperte, le nostre passioni.<\/p>\n<p>A SUD potrai scegliere una o molte etichette tra le nostre preferite in Campania, dove il cuore ci porta.<\/p>\n<p>I grandi vitigni locali, Greco, Fiano, e Falanghina tra i bianchi, Aglianico e Piedirosso tra i rossi, ma anche rarit\u00e0 autoctone e curiosit\u00e0.<\/p>\n<p>Se vorrai viaggiare con noi potrai assaggiare tutta l\u2019Italia, i grandi nomi e quelli sconosciuti, cercati e trovati per un bicchiere inconsueto.<\/p>\n<p>Infine la Francia e il resto del mondo per una esperienza definitiva.<\/p>\n<p>La cantina di Sud \u00e8 curata da Pino Esposito.[\/et_pb_text][\/et_pb_column][\/et_pb_row][\/et_pb_section][et_pb_section fb_built=&#8221;1&#8243; custom_padding_last_edited=&#8221;on|phone&#8221; admin_label=&#8221;About&#8221; _builder_version=&#8221;4.16&#8243; background_color=&#8221;#f9f4ee&#8221; background_image=&#8221;http:\/\/sudristorante.it\/wp-content\/uploads\/2020\/09\/Campi-Flegrei.png&#8221; background_position=&#8221;bottom_center&#8221; width=&#8221;100%&#8221; max_width=&#8221;100%&#8221; module_alignment=&#8221;center&#8221; min_height=&#8221;479px&#8221; height=&#8221;100px&#8221; max_height=&#8221;100px&#8221; custom_margin=&#8221;0px|||0px|false|false&#8221; custom_padding=&#8221;45px||7vw|27px|false|false&#8221; custom_padding_tablet=&#8221;0px|0vw|0px|4vw|false|false&#8221; custom_padding_phone=&#8221;0px|1vw|86px|1vw|false|true&#8221; locked=&#8221;off&#8221; global_colors_info=&#8221;{}&#8221;][et_pb_row _builder_version=&#8221;4.16&#8243; custom_margin=&#8221;||||false|false&#8221; custom_padding=&#8221;||||false|false&#8221; global_colors_info=&#8221;{}&#8221;][et_pb_column type=&#8221;4_4&#8243; _builder_version=&#8221;4.16&#8243; global_colors_info=&#8221;{}&#8221;][\/et_pb_column][\/et_pb_row][\/et_pb_section][et_pb_section fb_built=&#8221;1&#8243; admin_label=&#8221;About&#8221; _builder_version=&#8221;4.16&#8243; background_color=&#8221;#f9f4ee&#8221; use_background_color_gradient=&#8221;on&#8221; background_color_gradient_stops=&#8221;#ffffff 0%|#ffffff 100%&#8221; background_color_gradient_start=&#8221;#ffffff&#8221; background_color_gradient_end=&#8221;#ffffff&#8221; min_height=&#8221;719.2px&#8221; overflow-x=&#8221;hidden&#8221; overflow-y=&#8221;hidden&#8221; custom_margin=&#8221;-11px|||||&#8221; custom_padding=&#8221;||0px|||&#8221; global_colors_info=&#8221;{}&#8221;][et_pb_row column_structure=&#8221;2_5,3_5&#8243; _builder_version=&#8221;4.16&#8243; custom_padding=&#8221;|0px||||&#8221; global_colors_info=&#8221;{}&#8221;][et_pb_column type=&#8221;2_5&#8243; _builder_version=&#8221;4.16&#8243; custom_padding=&#8221;50px||||false|false&#8221; custom_padding_tablet=&#8221;0px||||false|false&#8221; custom_padding_phone=&#8221;&#8221; custom_padding_last_edited=&#8221;on|phone&#8221; global_colors_info=&#8221;{}&#8221;][et_pb_text quote_border_weight=&#8221;6px&#8221; quote_border_color=&#8221;#e2e2e2&#8243; _builder_version=&#8221;4.16&#8243; text_font=&#8221;Mulish||||||||&#8221; quote_font=&#8221;|700|||||||&#8221; quote_text_align=&#8221;justify&#8221; quote_text_color=&#8221;#666666&#8243; quote_font_size=&#8221;1px&#8221; header_2_font=&#8221;Oswald|||on|||||&#8221; header_2_text_color=&#8221;#000000&#8243; header_2_font_size=&#8221;40px&#8221; header_2_line_height=&#8221;1.4em&#8221; max_width=&#8221;400px&#8221; min_height=&#8221;473px&#8221; custom_margin=&#8221;-68px||-3px|||&#8221; custom_padding=&#8221;0px|||||&#8221; header_2_font_size_tablet=&#8221;30px&#8221; header_2_font_size_phone=&#8221;24px&#8221; header_2_font_size_last_edited=&#8221;on|desktop&#8221; inline_fonts=&#8221;Muli&#8221; global_colors_info=&#8221;{}&#8221;]<\/p>\n<blockquote>\n<h1><span style=\"font-weight: normal; font-size: medium;\">Pure int\u2019a messa ce sta \u2018o surzo \u2019e vino.<\/span><\/h1>\n<h1><span style=\"font-weight: normal; font-size: medium;\">E \u2018o chierico ca scola \u2019a buttigliella<\/span><\/h1>\n<h1><span style=\"font-weight: normal; font-size: medium;\">nun diceno ca \u00e8 scolacarrafella<\/span><\/h1>\n<h1><span style=\"font-size: medium;\">mentre ca chillo \u00e8 santo e genuino?<\/span><\/h1>\n<h1><\/h1>\n<p><span style=\"font-size: medium;\"><\/span><\/p>\n<p><span style=\"font-size: medium;\"><\/span><\/p>\n<p><span style=\"font-weight: normal; font-size: medium;\"><\/span><\/p>\n<p><span style=\"font-weight: normal; font-size: medium;\"><\/span><\/p>\n<p><span style=\"font-weight: normal; font-size: medium;\"><\/span><\/p>\n<p><span style=\"font-weight: normal; font-size: medium;\"><\/span><\/p>\n<p><span style=\"muli; font-weight: normal; font-size: medium;\"><\/span><\/p>\n<p><span style=\"font-weight: normal; font-size: medium;\"><\/span><\/p>\n<h1><span style=\"font-weight: normal; font-size: medium;\">Chi sa per\u00f2 si doppo ch\u2019ha vevuto<\/span><\/h1>\n<h1><span style=\"font-weight: normal; font-size: medium;\"> nu surzo \u2018e chillo sango \u2019e Ggies\u00f9 Cristo<\/span><\/h1>\n<h1><span style=\"font-weight: normal; font-size: medium;\"> nun addeventa comme a me nu \u2018nzisto<\/span><\/h1>\n<h1><span style=\"font-weight: normal; font-size: medium;\"> ca vo\u2019 pe\u2019 ll\u2019ate sulo nu tav\u00f9to!<\/span><\/h1>\n<h1><span style=\"font-weight: normal; font-size: medium;\"><\/span><\/h1>\n<h1><span style=\"font-weight: normal; font-size: medium;\">L\u2019uommene allora simmo, comme f\u00f2ssemo,<\/span><\/h1>\n<h1><span style=\"font-weight: normal; font-size: medium;\">tutt\u2019 \u2018e na razza, tutt\u2019 \u2018e na livrera?<\/span><\/h1>\n<h1><span style=\"font-weight: normal; font-size: medium;\">Si arrivato cu \u2019o bbene e cu \u2018a preghiera:<\/span><\/h1>\n<h1><span style=\"font-weight: normal; font-size: medium;\">cchi\u00f9 sta luntano e cchi\u00f9 se chiamma pr\u00f2ssemo!<\/span><\/h1>\n<h1><\/h1>\n<p><span style=\"font-weight: normal; font-size: medium;\"><\/span><\/p>\n<h1><span style=\"font-weight: normal; font-size: medium;\"> Si vevo m\u2019arruvino? e c\u2019aggi\u2019 \u2018a fa\u2019?<\/span><\/h1>\n<h1><span style=\"font-weight: normal; font-size: medium;\">\u2018O vino \u00e8 na bandiera ca m\u2019attacca:<\/span><\/h1>\n<h1><span style=\"font-weight: normal; font-size: medium;\">cu \u2018o ghianco, \u2019o russo e \u2018o vverde \u2019e dint\u2019 \u2018a sacca<\/span><\/h1>\n<h1><span style=\"font-weight: normal; font-size: medium;\"> \u2018e tutt\u2019 \u2018a gente ca nun p\u00f2 magna\u2019!&#8221;<\/span><\/h1>\n<\/blockquote>\n<p><span style=\"font-size: medium;\">di Raffaele Viviani<\/span><\/p>\n<p><span style=\"font-size: medium;\"><\/span><\/p>\n<p>[\/et_pb_text][\/et_pb_column][et_pb_column type=&#8221;3_5&#8243; _builder_version=&#8221;4.16&#8243; background_image=&#8221;http:\/\/sudristorante.it\/site\/wp-content\/uploads\/2020\/09\/Carta-Nap-50-trasp-GREY-1.png&#8221; background_size=&#8221;initial&#8221; background_repeat=&#8221;repeat&#8221; border_color_all=&#8221;#000000&#8243; border_width_all_tablet=&#8221;0px&#8221; border_width_all_phone=&#8221;0px&#8221; border_width_all_last_edited=&#8221;on|phone&#8221; global_colors_info=&#8221;{}&#8221;][et_pb_image src=&#8221;http:\/\/sudristorante.it\/wp-content\/uploads\/2021\/10\/20390fojfojkspoi90.png&#8221; title_text=&#8221;20390fojfojkspoi90&#8243; align=&#8221;center&#8221; _builder_version=&#8221;4.16&#8243; custom_margin=&#8221;-5%|-6.4%|-10%|-6%|false|false&#8221; custom_margin_tablet=&#8221;|-8%||-8%|false|true&#8221; custom_margin_phone=&#8221;|-8%||-8%|false|true&#8221; custom_margin_last_edited=&#8221;on|phone&#8221; custom_padding=&#8221;|0px||||&#8221; locked=&#8221;off&#8221; global_colors_info=&#8221;{}&#8221;][\/et_pb_image][\/et_pb_column][\/et_pb_row][\/et_pb_section]<\/p>\n","protected":false},"excerpt":{"rendered":"<p>VINICrediamo nel vino, crediamo nella sua potenza comunicativa come espressione della terra che lo produce. Crediamo in un\u2019agricoltura rispettosa dell\u2019ambiente, e crediamo anche nei piccoli numeri. Proponiamo le nostre scoperte, le nostre passioni. A SUD potrai scegliere una o molte etichette tra le nostre preferite in Campania, dove il cuore ci porta. I grandi vitigni [&hellip;]<\/p>\n","protected":false},"author":1,"featured_media":0,"parent":0,"menu_order":0,"comment_status":"closed","ping_status":"closed","template":"","meta":{"_et_pb_use_builder":"on","_et_pb_old_content":"<!-- wp:divi\/placeholder \/-->","_et_gb_content_width":"","footnotes":""},"class_list":["post-64","page","type-page","status-publish","hentry"],"_links":{"self":[{"href":"https:\/\/sudristorante.it\/eng\/wp-json\/wp\/v2\/pages\/64","targetHints":{"allow":["GET"]}}],"collection":[{"href":"https:\/\/sudristorante.it\/eng\/wp-json\/wp\/v2\/pages"}],"about":[{"href":"https:\/\/sudristorante.it\/eng\/wp-json\/wp\/v2\/types\/page"}],"author":[{"embeddable":true,"href":"https:\/\/sudristorante.it\/eng\/wp-json\/wp\/v2\/users\/1"}],"replies":[{"embeddable":true,"href":"https:\/\/sudristorante.it\/eng\/wp-json\/wp\/v2\/comments?post=64"}],"version-history":[{"count":55,"href":"https:\/\/sudristorante.it\/eng\/wp-json\/wp\/v2\/pages\/64\/revisions"}],"predecessor-version":[{"id":3739,"href":"https:\/\/sudristorante.it\/eng\/wp-json\/wp\/v2\/pages\/64\/revisions\/3739"}],"wp:attachment":[{"href":"https:\/\/sudristorante.it\/eng\/wp-json\/wp\/v2\/media?parent=64"}],"curies":[{"name":"wp","href":"https:\/\/api.w.org\/{rel}","templated":true}]}}